{"id":282,"date":"2023-05-02T12:26:12","date_gmt":"2023-05-02T10:26:12","guid":{"rendered":"https:\/\/www.bdtravnickova.cz\/wordpress\/?page_id=282"},"modified":"2025-10-20T23:28:27","modified_gmt":"2025-10-20T21:28:27","slug":"dokumenty","status":"publish","type":"page","link":"https:\/\/www.bdtravnickova.cz\/?page_id=282","title":{"rendered":"Dokumenty"},"content":{"rendered":"<h2 style=\"text-align: justify;\">Prov\u00e1d\u011bn\u00ed oprav bytu<\/h2>\n<h5 style=\"text-align: justify;\">K \u017e\u00e1dosti je nutn\u00e9 p\u0159ilo\u017eit:<\/h5>\n<ul style=\"text-align: justify;\">\n<li>n\u00e1\u010drtek p\u0159ed opravou a po oprav\u011b (jsou-li prov\u00e1d\u011bny stavebn\u00ed \u00fapravy)<\/li>\n<li>kopii \u017eivnostensk\u00e9ho opr\u00e1vn\u011bn\u00ed firmy prov\u00e1d\u011bj\u00edc\u00ed opravu.<\/li>\n<li>v p\u0159\u00edpad\u011b v\u00fdm\u011bny oken tak\u00e9 certifikaci firmy<\/li>\n<li>p\u0159ed za\u010d\u00e1tkem prac\u00ed bude vyv\u011b\u0161ena informace o d\u00e9lce prac\u00ed na n\u00e1st\u011bnku u vchodu, i do vedlej\u0161\u00edch vchod\u016f<\/li>\n<li>zajistit olepen\u00ed v\u00fdtahu, aby nedo\u0161lo k po\u0161kozen\u00ed (pokud je pou\u017e\u00edv\u00e1n)<\/li>\n<\/ul>\n<h3 style=\"text-align: justify;\"><a href=\"\/formulare\/zad_oprav_byt.doc\">\u017d\u00e1dost o proveden\u00ed oprav v byt\u011b<\/a><\/h3>\n<p style=\"text-align: justify;\">\n<h2 style=\"text-align: justify;\">P\u0159evod \u010dlenstv\u00ed v DB<\/h2>\n<h3 style=\"text-align: justify;\">K \u017e\u00e1dosti je nutn\u00e9 p\u0159ilo\u017eit:<\/h3>\n<h4><span style=\"text-decoration: underline;\"><strong><span style=\"color: #ff0000; text-decoration: underline;\">V\u0161echny typy p\u0159evodu \u010dlenstv\u00ed mus\u00ed na \u017e\u00e1dost spr\u00e1vce obsahovat ov\u011b\u0159en\u00e9 podpisy z\u00fa\u010dastn\u011bn\u00fdch osob.<\/span><\/strong><\/span><\/h4>\n<h3 style=\"text-align: justify;\"><a href=\"\/formulare\/smlouva_prevod_clen_bez_uplaty.docx\" rel=\"noopener\">P\u0159evod \u010dlenstv\u00ed v BD bez\u00faplatn\u00fd<\/a><\/h3>\n<p style=\"text-align: justify;\">Plat\u00ed v p\u0159\u00edpad\u011b p\u0159evodu na rodinn\u00e9ho p\u0159\u00edslu\u0161n\u00edka<\/p>\n<h3 style=\"text-align: justify;\"><a href=\"\/formulare\/smlouva_prevod_clen.docx\" rel=\"noopener\">P\u0159evod \u010dlenstv\u00ed v BD \u00faplatn\u00fd<\/a><\/h3>\n<p style=\"text-align: justify;\">Plat\u00ed p\u0159i p\u0159evodu mimo rodinu (prodej)<\/p>\n<h3 style=\"text-align: justify;\"><a href=\"\/formulare\/smlouva_prevod_sjm.docx\" rel=\"noopener\">P\u0159evod \u010dlenstv\u00ed v BD SJM \u00faplatn\u00fd<\/a><\/h3>\n<h3 style=\"text-align: justify;\"><a href=\"\/formulare\/smlouva_prevod_sjm_bez_uplaty.docx\" rel=\"noopener\">P\u0159evod \u010dlenstv\u00ed v BD SJM bez\u00faplatn\u00fd<\/a><\/h3>\n<p style=\"text-align: justify;\">\n<h2 style=\"text-align: justify;\">Pron\u00e1jem<\/h2>\n<h3 style=\"text-align: justify;\"><a class=\"red\" href=\"\/soubory\/Zasady_pronajmu.pdf\" target=\"_blank\" rel=\"noopener\">Z\u00e1sady pron\u00e1jmu<\/a><\/h3>\n","protected":false},"excerpt":{"rendered":"<p>Prov\u00e1d\u011bn\u00ed oprav bytu K \u017e\u00e1dosti je nutn\u00e9 p\u0159ilo\u017eit: n\u00e1\u010drtek p\u0159ed opravou a po oprav\u011b (jsou-li prov\u00e1d\u011bny stavebn\u00ed \u00fapravy) kopii \u017eivnostensk\u00e9ho opr\u00e1vn\u011bn\u00ed firmy prov\u00e1d\u011bj\u00edc\u00ed opravu. v p\u0159\u00edpad\u011b v\u00fdm\u011bny oken tak\u00e9 certifikaci firmy p\u0159ed za\u010d\u00e1tkem prac\u00ed bude vyv\u011b\u0161ena informace o d\u00e9lce prac\u00ed na n\u00e1st\u011bnku u vchodu, i do vedlej\u0161\u00edch vchod\u016f zajistit olepen\u00ed v\u00fdtahu, aby nedo\u0161lo k po\u0161kozen\u00edContinue reading &rarr;<\/p>\n","protected":false},"author":1,"featured_media":0,"parent":0,"menu_order":0,"comment_status":"closed","ping_status":"closed","template":"","meta":{"footnotes":""},"class_list":["post-282","page","type-page","status-publish","hentry","no-thumb"],"_links":{"self":[{"href":"https:\/\/www.bdtravnickova.cz\/index.php?rest_route=\/wp\/v2\/pages\/282","targetHints":{"allow":["GET"]}}],"collection":[{"href":"https:\/\/www.bdtravnickova.cz\/index.php?rest_route=\/wp\/v2\/pages"}],"about":[{"href":"https:\/\/www.bdtravnickova.cz\/index.php?rest_route=\/wp\/v2\/types\/page"}],"author":[{"embeddable":true,"href":"https:\/\/www.bdtravnickova.cz\/index.php?rest_route=\/wp\/v2\/users\/1"}],"replies":[{"embeddable":true,"href":"https:\/\/www.bdtravnickova.cz\/index.php?rest_route=%2Fwp%2Fv2%2Fcomments&post=282"}],"version-history":[{"count":5,"href":"https:\/\/www.bdtravnickova.cz\/index.php?rest_route=\/wp\/v2\/pages\/282\/revisions"}],"predecessor-version":[{"id":1480,"href":"https:\/\/www.bdtravnickova.cz\/index.php?rest_route=\/wp\/v2\/pages\/282\/revisions\/1480"}],"wp:attachment":[{"href":"https:\/\/www.bdtravnickova.cz\/index.php?rest_route=%2Fwp%2Fv2%2Fmedia&parent=282"}],"curies":[{"name":"wp","href":"https:\/\/api.w.org\/{rel}","templated":true}]}}